{"id":96,"date":"2024-10-27T20:04:04","date_gmt":"2024-10-27T20:04:04","guid":{"rendered":"https:\/\/test.efsalingsas.com\/?page_id=96"},"modified":"2024-10-27T20:04:29","modified_gmt":"2024-10-27T20:04:29","slug":"historia","status":"publish","type":"page","link":"https:\/\/test.efsalingsas.com\/index.php\/om-oss\/historia\/","title":{"rendered":"EFS-f\u00f6rsamlingens historia"},"content":{"rendered":"\n<p>I mitten av 1800-talet drog en stark v\u00e4ckelse fram \u00f6ver Sverige. En ledande gestalt var Carl Olof Rosenius (1816-1868). Han var 1856 med och grundade Evangeliska Fosterlands-Stiftelsen (EFS). Under 1860-talet kom de f\u00f6rsta lekmannapredikanterna till Alings\u00e5s, uts\u00e4nda av EFS. De predikade ett milt och evangeliskt budskap. Samlingarna \u00e4gde rum hemma hos muraren Fredrik Hultin p\u00e5 Plangatan. Hans familj och v\u00e4nner var starkt ber\u00f6rda av v\u00e4ckelsen. N\u00e4r allt fler ansl\u00f6t sig flyttades samlingarna till L.P. Nilssons skr\u00e4dderi p\u00e5 Nygatan. Nilsson kom fr\u00e5n \u00d6den\u00e4s och var gift med Hultins dotter. Han var en pionj\u00e4r och verklig eldsj\u00e4l som uppl\u00e4t sitt skr\u00e4dderi till b\u00f6nem\u00f6ten och samlingar. D\u00e4r var det, enligt samtida vittne, \u201dmycket gott och uppbyggligt.\u201d<\/p>\n\n\n\n<figure class=\"wp-block-image\"><img loading=\"lazy\" decoding=\"async\" width=\"479\" height=\"479\" src=\"https:\/\/test.efsalingsas.com\/wp-content\/uploads\/2024\/10\/image.jpeg\" alt=\"gamla-efs.jpg\" class=\"wp-image-97\" srcset=\"https:\/\/test.efsalingsas.com\/wp-content\/uploads\/2024\/10\/image.jpeg 479w, https:\/\/test.efsalingsas.com\/wp-content\/uploads\/2024\/10\/image-300x300.jpeg 300w, https:\/\/test.efsalingsas.com\/wp-content\/uploads\/2024\/10\/image-150x150.jpeg 150w\" sizes=\"auto, (max-width: 479px) 100vw, 479px\" \/><\/figure>\n\n\n\n<p>M\u00e5nga ansl\u00f6t sig till gruppen kring L.P. Nilsson och hans missionsv\u00e4nner. Runt om i landet grundades nya missionsf\u00f6reningar, s\u00e5 \u00e4ven i Alings\u00e5s. Missionsv\u00e4nnerna i skr\u00e4dderiet hade tidigt bildat en syf\u00f6rening. Man ins\u00e5g snart att det ocks\u00e5 beh\u00f6vdes en fastare organisation. S\u00f6ndagen den 30 september 1894 samlades en grupp m\u00e4n och kvinnor i Nilssons skr\u00e4dderiverkstad. Alla var gripna av stundens allvar. Man bildade&nbsp;<em>Alings\u00e5s Evangelisk Lutherska Missionsf\u00f6rening<\/em>, det som i dag \u00e4r EFS-f\u00f6rsamlingen i Alings\u00e5s. F\u00f6reningens f\u00f6rste ordf\u00f6rande blev komminister Johan Leonard Stenberg.<\/p>\n\n\n\n<p>1894 fick den nybildade EFS-f\u00f6reningen m\u00f6jlighet att hyra en lokal i f.d. Hygrellska huset i h\u00f6rnet av Drottninggatan och \u00d6stra Kyrkogatan. Platsen, som kom att g\u00e5 under ben\u00e4mningen W\u00e5ngstr\u00f6mska g\u00e5rden, blev EFS-f\u00f6reningens hemvist under tio \u00e5r. Det var en mycket enkel lokal med tv\u00e5 sammanslagna rum och man satt p\u00e5 plankor utan ryggst\u00f6d. Gudstj\u00e4nst firade man s\u00e5 ofta som talare fanns tillg\u00e4ngliga.<\/p>\n\n\n\n<p>Med den nya lokalen expanderade verksamheten och 1904 kunde EFS-f\u00f6reningen \u00f6verta Metodistf\u00f6rsamlingens gamla kapell vid Norra Ringgatan 7, den plats d\u00e4r EFS-kyrkan ligger idag. Man betalade 1 575 kr f\u00f6r fastigheten. Marken d\u00e4r kapellet l\u00e5g k\u00f6pte man m\u00e5nga \u00e5r senare.<\/p>\n\n\n\n<p>\u00c5r 1908 blev ett m\u00e4rkes\u00e5r i f\u00f6reningens historia. Verksamheten i det enkla missionshuset expanderade. Man bildade en ungdomsf\u00f6rening, DUF lokalavdelning i Alings\u00e5s, som innan \u00e5rets slut hade 37 medlemmar. Man anst\u00e4llde ocks\u00e5 f\u00f6reningens f\u00f6rste pastor Per Olov Bergman. Efter en mycket expansiv period f\u00f6ljde sv\u00e5rare tider i samband med f\u00f6rsta v\u00e4rldskriget. Men med tillf\u00f6rsikt skrev man i en \u00e5rsber\u00e4ttelse efter krigsslutet: \u201dVare Herrens v\u00e4lsignelse \u00f6ver verksamhet och bes\u00f6k oss med en kraftig v\u00e4ckelse.\u201d<\/p>\n\n\n\n<p>1920 var det dags f\u00f6r renovering av missionshuset. Det nedsjunkna golvet lades om, elektriskt ljus installerades och en ny orgel ink\u00f6ptes. Renoveringen blev ett lyft f\u00f6r f\u00f6rsamlingen. Medlemsantalet \u00f6kade och s\u00e4rskilt 1930-talet blev en framg\u00e5ngsrik tid f\u00f6r b\u00e5de EFS-f\u00f6reningen och ungdomsf\u00f6reningen. Efter ytterligare en omfattande renovering av missionshuset h\u00f6sten 1944 kunde f\u00f6reningen under tre dagar fira ett st\u00e5tligt 50-\u00e5rsjubileum. Det hade d\u00e5 g\u00e5tt ett halvt sekel sedan f\u00f6reningen bildades.<\/p>\n\n\n\n<p>Under 1950-talet stagnerade verksamheten och ungdomsf\u00f6reningen lades ner. Men det skulle snart v\u00e4nda. Under 1960-talet b\u00f6rjade man planera f\u00f6r en ny kyrka. Det tog m\u00e5nga \u00e5r innan kommunen gav sitt medgivande till att riva det gamla missionshuset och p\u00e5 platsen bygga en ny kyrka. I april 1975 kunde den nya kyrkan invigas. Kyrkans arkitekt, professor Heineman, hade skeppet som f\u00f6rebild. Skeppet m\u00f6ter b\u00e5de medvind och motvind. Ett segelfartyg beh\u00f6ver vind f\u00f6r att segla och p\u00e5 samma s\u00e4tt beh\u00f6ver f\u00f6rsamlingen den Helige Andes vind. \u201d<em>Ty icke genom n\u00e5gon m\u00e4nniskas styrka eller kraft skall det ske utan genom min Ande, s\u00e4ger Herren<\/em>.\u201d<\/p>\n\n\n\n<p>Med den nya kyrkan fick man tillg\u00e5ng till utm\u00e4rkta lokaler. I dag har f\u00f6rsamlingen en omfattande verksamhet. Under de snart 130 \u00e5r som f\u00f6rsamlingens arbete p\u00e5g\u00e5tt, har n\u00e5gra av nedanst\u00e5ende punkterna karakteriserat f\u00f6rsamlingen:<\/p>\n\n\n\n<ul class=\"wp-block-list\">\n<li>Den starka f\u00f6rankringen i Guds Ord<\/li>\n\n\n\n<li>B\u00f6nen<\/li>\n\n\n\n<li>EFS mission<\/li>\n\n\n\n<li>Barn- och ungdomsverksamheten<\/li>\n<\/ul>\n\n\n\n<p>\u200b<em>Gunnel Emg\u00e5rd &amp; Claes-Olof Emg\u00e5rd Olsson<\/em><\/p>\n","protected":false},"excerpt":{"rendered":"<p>I mitten av 1800-talet drog en stark v\u00e4ckelse fram \u00f6ver Sverige. En ledande gestalt var Carl Olof Rosenius (1816-1868). Han var 1856 med och grundade Evangeliska Fosterlands-Stiftelsen (EFS). Under 1860-talet kom de f\u00f6rsta lekmannapredikanterna till Alings\u00e5s, uts\u00e4nda av EFS. De predikade ett milt och evangeliskt budskap. Samlingarna \u00e4gde rum hemma hos muraren Fredrik Hultin p\u00e5 [&hellip;]<\/p>\n","protected":false},"author":2,"featured_media":0,"parent":39,"menu_order":0,"comment_status":"closed","ping_status":"closed","template":"","meta":{"footnotes":""},"class_list":["post-96","page","type-page","status-publish","hentry"],"_links":{"self":[{"href":"https:\/\/test.efsalingsas.com\/index.php\/wp-json\/wp\/v2\/pages\/96","targetHints":{"allow":["GET"]}}],"collection":[{"href":"https:\/\/test.efsalingsas.com\/index.php\/wp-json\/wp\/v2\/pages"}],"about":[{"href":"https:\/\/test.efsalingsas.com\/index.php\/wp-json\/wp\/v2\/types\/page"}],"author":[{"embeddable":true,"href":"https:\/\/test.efsalingsas.com\/index.php\/wp-json\/wp\/v2\/users\/2"}],"replies":[{"embeddable":true,"href":"https:\/\/test.efsalingsas.com\/index.php\/wp-json\/wp\/v2\/comments?post=96"}],"version-history":[{"count":2,"href":"https:\/\/test.efsalingsas.com\/index.php\/wp-json\/wp\/v2\/pages\/96\/revisions"}],"predecessor-version":[{"id":99,"href":"https:\/\/test.efsalingsas.com\/index.php\/wp-json\/wp\/v2\/pages\/96\/revisions\/99"}],"up":[{"embeddable":true,"href":"https:\/\/test.efsalingsas.com\/index.php\/wp-json\/wp\/v2\/pages\/39"}],"wp:attachment":[{"href":"https:\/\/test.efsalingsas.com\/index.php\/wp-json\/wp\/v2\/media?parent=96"}],"curies":[{"name":"wp","href":"https:\/\/api.w.org\/{rel}","templated":true}]}}